
Let b be ((-108)/18)/((-6)/4). What is the greatest common divisor of b and 20?
4
Let v be 1 - (-1)/((-2)/(-10)). Suppose 0 = 2*b - 30 - v. Suppose -37 - 53 = -2*l. What is the highest common divisor of b and l?
9
Suppose -6 = -4*c + 98. Let y = 160 + -134. What is the greatest common factor of c and y?
26
Let c(m) = 7*m**2 - m - 4. Let p be c(-4). Calculate the greatest common divisor of p and 28.
28
Let r = -37 + 64. Let c(n) = -n**3 - 8*n**2 + 10*n + 12. Let u be c(-9). What is the greatest common factor of u and r?
3
Let r(p) = -23*p + 4. Let f be r(-4). Suppose -f - 74 = -5*s. What is the greatest common factor of s and 85?
17
Let h = 1 - -5. Let f(x) = x**2 + 6*x - 1. Let g be f(-7). Suppose 4*z + 36 = g*z. Calculate the highest common factor of z and h.
6
Suppose 2*o + 4*c - 352 - 36 = 0, -4*c = -5*o + 956. What is the highest common divisor of o and 24?
24
Let i = -2 - -2. Let n(t) = -t + 52. Let y be n(i). Suppose 4*b - y = -0*b. Calculate the highest common factor of 143 and b.
13
Suppose 0 = -3*b + 2*b. Suppose 0 = 4*g + 2*d - 137 - 9, 2*g + 4*d - 58 = b. Let u be 1 + 27 - ((-6)/(-1))/3. Calculate the greatest common factor of u and g.
13
Let i(o) = o**2 - o - 31. Let m be i(8). What is the highest common factor of m and 225?
25
Let k = 21 + -8. Let x(j) = -j - 5. Let b be x(-7). Suppose -7*f + b*p + 327 = -2*f, -323 = -5*f - 2*p. What is the greatest common factor of k and f?
13
Let f(z) = -120*z - 3. Let q be f(-2). Suppose -171 = -4*w + 469. Let p = q - w. Calculate the greatest common divisor of 7 and p.
7
Suppose 0*b = b - 20. Let r = b + -11. What is the highest common factor of r and 3?
3
Suppose 32 = 5*o + 102. Let k = 39 + o. What is the highest common factor of k and 5?
5
Suppose -4*r + 5*a = -836, 3*r + 2*r - 4*a = 1054. Suppose -z - z = -r. Let m = 158 - z. Calculate the highest common divisor of m and 34.
17
Let s be ((-8)/(-12))/(2/18). Let p be 2/(-4) + 3/s. Suppose -h + 9 + 13 = p. Calculate the highest common factor of h and 2.
2
Let d(l) = 3*l - 16. Let w be d(16). Suppose 31 = -3*z + 7. Let n(p) = -p**2 - 10*p - 8. Let m be n(z). Calculate the greatest common factor of w and m.
8
Let j(q) = -q**2 + 4*q - 3. Let z be j(2). Suppose -2*n - 3*n = -120. Let h be n + (2 - (1 + z)). Calculate the greatest common factor of 6 and h.
6
Suppose s = 5*s + 64. Let o be -2 - ((-2 - -2) + s). Let h be (16/(-6))/(o/(-105)). Calculate the highest common divisor of 140 and h.
20
Suppose 2*s + 3*s = -5. Let p be s/(-2) + (-875)/(-10). What is the highest common divisor of 8 and p?
8
Let i = -22 - -42. Calculate the greatest common divisor of 4 and i.
4
Suppose 3*v = -5*h + 7*v + 15, 0 = -2*h + v + 6. Let t(o) = 61*o - 3. Let r be t(h). Suppose -4*p - r = -8*p. What is the highest common factor of 5 and p?
5
Let p(m) be the second derivative of m**3/2 + 3*m. Let b be p(7). Calculate the highest common divisor of 63 and b.
21
Suppose 2*n - 5*a + 49 = -2*n, -3*n - 5*a + 7 = 0. Let o be (-872)/(-12) - (-4)/n. Calculate the greatest common factor of 18 and o.
18
Let v(y) = y + 13. Let a be v(-7). Let s(f) = 2*f**2 + 7*f + 3. Let g be (-14)/3 + 2/(-6). Let m be s(g). Calculate the highest common factor of m and a.
6
Let l = 3 - 6. Let i be l/(-2) - 318/(-12). Calculate the highest common divisor of 4 and i.
4
Let h(g) = -g**3 + 5*g**2 + 3*g + 1. Let y be h(5). Let q be 888/10 + y/(-20). Calculate the highest common factor of 11 and q.
11
Suppose -2*k + 108 = 5*l, 3*k = -2*k + 2*l + 212. Let q be 272/72 + 4/18. What is the greatest common factor of k and q?
4
Let a be (-18)/(-12) + -1 + 55/2. What is the greatest common factor of a and 182?
14
Let i = 125 - -19. What is the greatest common factor of i and 36?
36
Suppose -2*q - a + 18 = -7*q, 4*q - 3 = -5*a. Let t(g) = g**2 - 2*g - 2. Let c be t(q). Let j = -154 + 167. Calculate the greatest common divisor of j and c.
13
Suppose o + 9 = 2*o. Let i be ((-6)/o - 0)*3. Let k be (-3 - i) + 10 + -1. Calculate the greatest common factor of 8 and k.
8
Let j(u) = 3*u - 6. Let p be j(7). Suppose -2*f = 4*l + 10 + 70, 3*l = 4*f + 127. Let c = f + 64. What is the highest common factor of c and p?
15
Suppose 2*l - 4*m - 1124 = -3*l, -l - 3*m + 240 = 0. Calculate the greatest common factor of 38 and l.
38
Suppose -13 = -2*i + i. Calculate the greatest common factor of 65 and i.
13
Suppose -48 = -4*p - 4. What is the highest common divisor of 11 and p?
11
Suppose 0*p + 76 = 4*p - 5*l, 0 = -4*l + 16. Let b be ((-12)/(-10))/((-3)/(-120)). What is the highest common factor of p and b?
24
Let b = 17 + -14. Suppose b*f = 12, -2*f - 68 = -5*a + f. What is the highest common factor of 4 and a?
4
Let u = -7 + 4. Let q = 51 - 47. Let x = q - u. What is the greatest common divisor of 63 and x?
7
Let w(b) = 2*b - 6*b - 2*b**3 + 2*b. Let i be w(-2). Suppose 0*m = m - i. What is the highest common factor of 4 and m?
4
Suppose -5*s + 4 = -11. Let l be (5/10)/(2/16). Suppose 0 = -s*x + 2 + l. What is the highest common divisor of x and 8?
2
Suppose 5*v - 37 = -3*c + 13, 4*c = 2*v + 32. Calculate the highest common factor of c and 2.
2
Let t = 19 - 27. Let x be (-209)/(-9) + t/36. What is the highest common divisor of 23 and x?
23
Suppose c = -h + 11, 2*h = 3*c + 17 + 30. Let p(o) = 2*o**2 - 5*o - 1. Let b be p(5). What is the greatest common factor of b and h?
8
Let r = -21 + 35. Let j(c) = -13*c + 4. Let q be j(-4). Calculate the highest common divisor of q and r.
14
Let j be (-6)/(-4) - (-5)/2. Calculate the highest common factor of 6 and j.
2
Let z(t) = -t - 2. Let d be z(-9). Let l = 18 + -4. What is the greatest common factor of l and d?
7
Suppose -n - 8 = -3*n. Calculate the greatest common factor of n and 36.
4
Suppose 170 = 2*y + 3*y. Let i = y - -2. Suppose 2*d = 3*d - 9. What is the greatest common factor of d and i?
9
Let w be (-10)/(-30) - ((-1383)/9 + 1). Calculate the greatest common divisor of w and 9.
9
Let w = -79 + 374. Calculate the greatest common divisor of w and 59.
59
Let a be -9 + 1*3/3. Let w = 4 + a. Let t be w/2*(-9)/6. What is the greatest common factor of 3 and t?
3
Let x(r) = -7*r + 8. Let i be x(-4). What is the greatest common divisor of i and 9?
9
Suppose -2*x + 10 = -5*o + o, -8 = 4*o. Let j = 3 + -2. What is the highest common factor of x and j?
1
Suppose -40 - 95 = -3*o. Calculate the highest common factor of o and 30.
15
Suppose 10*s - 5*s = 0. Let b be (s - 3)/6*-30. What is the greatest common factor of 5 and b?
5
Suppose 4*c + 21 - 37 = 0. What is the highest common factor of c and 28?
4
Let w(m) = m**3 - 5*m**2 - 13*m + 5. Let k be w(7). Calculate the highest common factor of 4 and k.
4
Let f be (-1 + -24)/(29/(-116)). Calculate the greatest common factor of 40 and f.
20
Let n(y) = y**2 - 10*y + 6. Let c be n(13). What is the greatest common divisor of c and 15?
15
Let b = 244 - 112. Calculate the highest common divisor of 12 and b.
12
Suppose 0 = 2*h + 3*h. Suppose h = -3*r + 3*v - v + 52, 5*v + 39 = r. Suppose -4*q + 75 = 19. What is the greatest common factor of q and r?
14
Let b(u) = u**2 + 15*u - 20. Let m be b(-17). Calculate the greatest common factor of m and 2.
2
Let a(j) = -j**3 - 8*j**2 - 6*j - 9. Suppose -4*n = 0, 2*n = 4*g + n + 32. Let b be a(g). Let f = -17 + b. What is the highest common factor of f and 55?
11
Suppose 0 = -5*i + 9 + 71. Suppose -4*d - 5*o + o = 8, 0 = -4*d - 5*o - 3. Let j = 23 + d. What is the greatest common factor of i and j?
16
Let x be -2 + 1/(1/(-4)). Let y be 9/x*(-8)/6. Suppose 2*z = -y*z + 80. Calculate the highest common factor of z and 40.
20
Let o be (-4)/((-4)/(-21))*-6. Suppose -3*u = 2*u + 5. Let j(d) = 13*d**2 - d. Let n be j(u). Calculate the greatest common divisor of n and o.
14
Suppose -3*r + 6 = 0, 4*v = 4*r + 2 + 54. What is the highest common factor of v and 20?
4
Suppose -4*f + 2 = -3*w - 15, -4*f + 57 = 5*w. Suppose 0 = -3*c + 5*m + 61, -m + 3*m = f. Calculate the highest common divisor of 9 and c.
9
Suppose -215 = -5*r - q + 234, 271 = 3*r - q. Suppose -p + 2*p - r = 0. Suppose -p + 25 = -5*t. What is the highest common factor of 117 and t?
13
Let h = -106 - -166. Let l = -5 - -17. What is the highest common divisor of l and h?
12
Let r be ((-12)/15)/(2/(-5)). Suppose -d + a = -2*a - 1, -5*a = -r*d + 6. What is the